2 + y + 1. Let f be c(-1). What are the prime factors of (-3 - -2)*f*-8?
2
Suppose 600 = -z + 7*z. What are the prime factors of z?
2, 5
Let g(j) be the first derivative of j**4/4 - 13*j**3/3 - 6*j**2 + 4. What are the prime factors of g(14)?
2, 7
Let a be 6 - (-2 + 3 + -4). List the prime factors of 6/a*(-15)/(-1).
2, 5
Let c(a) = a**3 + 4*a**2 + a - 1. Let g be c(-3). Suppose g*k = 3*k + 20. List the prime factors of k.
2, 5
Let d(g) = g**3 - 10*g**2 + 10*g + 1. List the prime factors of d(10).
101
Suppose 4*a - 4 = 0, -3*a = -5*u - 2*a + 124. Suppose -u - 20 = -5*p. List the prime factors of p.
3
Let c be (-12)/(-54) - (-173)/(-9). Let a = -9 - c. What are the prime factors of a?
2, 5
Suppose h + 3 = 2*h. Suppose 9 = -4*t - h*f + 200, 3*f = 5*t - 259. What are the prime factors of t?
2, 5
Let z be 2 - (0 + (1 - -1)). Suppose d + 2*s + 4 - 13 = z, 4*d + 5*s = 27. What are the prime factors of d?
3
Let q(y) = 4*y**2 - 5*y + 4. Let u be q(2). Suppose 27 = x - 4*d, -5*d = 3*x - u*d - 67. What are the prime factors of x?
19
Let g(j) = -3*j + 17. List the prime factors of g(-12).
53
Let g(s) = s - 4. Suppose 0 = -2*i + 2, 5*q - 3*i - 20 = 2*i. Let f be g(q). Suppose p + f = 5. What are the prime factors of p?
2
Let h = 144 + -88. List the prime factors of h.
2, 7
Let t(a) = 65*a**2 - 7*a - 14. What are the prime factors of t(-2)?
2, 5, 13
Let v = 186 - 32. List the prime factors of v.
2, 7, 11
List the prime factors of (8/6)/((-4)/(-36)).
2, 3
Let f(x) = -2*x**3 + 4*x**3 + 3*x**2 + 2 - 4*x + 0*x**3. Let q be (-8)/10*(70/4)/(-7). What are the prime factors of f(q)?
2, 11
Let w = 104 + -51. List the prime factors of w.
53
Let c(f) = f**3 + 6*f**2 + 5*f + 5. Let w be c(-5). Let d(a) = -w - 2 + 8 + 7*a. List the prime factors of d(2).
3, 5
Let q be 1/(0 - 1 - 0). Let y(i) = -21*i - 1. List the prime factors of y(q).
2, 5
Let d be (2 - -2)/((-4)/(-134)). Suppose -3*t - g + 136 - 32 = 0, -d = -4*t + g. List the prime factors of t.
2, 17
List the prime factors of ((141/2)/3 - 3)*6.
3, 41
Let k be (4/2*-10)/(-1). Let t be 0/1*(-2 + 1). Suppose -4*y + k + 56 = t. What are the prime factors of y?
19
Let a = -16 + 21. Suppose -4*w = -9*w + 5*n + 25, -5*w - 5*n + a = 0. List the prime factors of w.
3
Let d = 18 - 8. Suppose 0 = -4*j - 2 + d. Suppose 4*i + 0*i - 32 = -4*t, t = -j. What are the prime factors of i?
2, 5
Let t = -110 - -158. Suppose 0 = -6*w - 2*w + t. What are the prime factors of w?
2, 3
Let d = 9 - 14. Let o = 1 + d. Let u = o + 12. What are the prime factors of u?
2
Suppose 37 = m + 5*w - 12, 0 = -3*m - 5*w + 187. List the prime factors of m.
3, 23
Let q(s) = 23*s - 33. List the prime factors of q(8).
151
Let k(y) = -3*y - 3. Let x be k(-3). Suppose -t + x = t. List the prime factors of t.
3
Let b be (-1 + -2)/(-3) - 7. Let y = -1 - b. Suppose -y*o + 25 = -0*o. List the prime factors of o.
5
Suppose -f + 2*o = 1 - 16, 3*o + 15 = 0. Let m = f - 3. Let u = 12 - m. What are the prime factors of u?
2, 5
Let g be 12/8*-2*-1. List the prime factors of (-3 - (g + -5))*-7.
7
Suppose -2*u + 5*b = -u - 151, 3*u + 2*b - 436 = 0. What are the prime factors of u?
2, 73
Let h be (-6 - 0)/3 + 28. Let r = h + -40. What are the prime factors of (3 + 4)*(-12)/r?
2, 3
What are the prime factors of (-10 + -7)*3/(-3)?
17
Suppose 552 + 143 = 5*k. What are the prime factors of k?
139
Let v(q) = 7*q**3 + 3*q**2 - 7*q - 9. Let w(g) = g**3 - g**2 + g + 1. Let c(z) = v(z) - 6*w(z). List the prime factors of c(-10).
3, 5
Let p = -6 - -25. Let r = -4 + p. Let h = -7 + r. List the prime factors of h.
2
Let r(l) = l**2 - 5*l + 5. Let i be r(5). Let v = i + 1. What are the prime factors of v?
2, 3
Suppose 7*m - 3*m = 0. Suppose p - 5*v + 10 = m, 4*v - v = p. List the prime factors of p.
3, 5
Let t = -89 + 243. List the prime factors of t.
2, 7, 11
Suppose -2*k + 4*k - 28 = -3*c, 4*c = -3*k + 44. List the prime factors of k.
2, 5
Suppose -3*a = 5*p - 207 - 33, 2*a + 2*p = 164. What are the prime factors of a?
5, 17
Let r(a) = 4*a**2 + 4*a + 6. List the prime factors of r(-2).
2, 7
What are the prime factors of (64/10)/(24/300)?
2, 5
Let f(a) = a - 21. Let h(r) = r - 20. Let j be -6 + -1 + (-2)/(-1). Let o(m) = j*h(m) + 4*f(m). List the prime factors of o(11).
5
Suppose -4*r - 72 = -12. Let c be (-4)/(-6) + 10/r. List the prime factors of (-2 - -9) + (2 - c).
3
Let k = 7 - 1. Suppose -3*h - 2*s = -4, 4*h - s + 4*s = k. Suppose 3*f = 9 - h. List the prime factors of f.
3
Suppose -7 = c + 2*f, -4*c - 4*f - 10 = -2*f. Let d = 9 + c. List the prime factors of d.
2
Let x = -244 - -486. List the prime factors of x.
2, 11
Suppose -2*s + 0 = -6. Let k(r) = -r**3 + 3*r**2 + 2*r + 2. List the prime factors of k(s).
2
Let f(y) = 2*y**2 - 13*y - 38. List the prime factors of f(14).
2, 43
Let x = -4 + 7. Suppose x*o = -o. Suppose o = -4*y - 0*y + 40. List the prime factors of y.
2, 5
Let z(v) = -4*v + 1. Let x(a) = 0*a + 4*a - 4*a - 3*a. Let k(y) = -6*x(y) + 5*z(y). List the prime factors of k(-6).
17
Let u = -1 + 5. Suppose -2*p + 16 = -u. List the prime factors of p.
2, 5
Let p(z) = z**3 + z**2 + z. Let o(g) = 4*g**3 - 3*g**2 + 2*g - 1. Let c(i) = -o(i) + 3*p(i). Let j be c(6). Suppose -m + j = 3. What are the prime factors of m?
2
Suppose -5*a + 519 = -3*v, -36 = -a + v + 69. What are the prime factors of a?
2, 3, 17
Let n = 10 - -47. List the prime factors of n.
3, 19
Suppose 4*b - 30 - 342 = 0. What are the prime factors of b?
3, 31
Let b(d) = -d - 2. Let u be b(-6). Suppose -2*y = -4*j - u*y + 18, -3*j - 4*y + 6 = 0. List the prime factors of j.
2, 3
Let r be (56/(-12))/((-4)/6). Let a be 4/8 - r/(-2). Let w = 7 - a. What are the prime factors of w?
3
Let v be ((-1)/3)/((-2)/66). Let r = v - 8. Suppose -q = r*q - 4, 0 = 4*z - 5*q - 43. What are the prime factors of z?
2, 3
Let x = -73 + 104. What are the prime factors of x?
31
Suppose 2*c + 5*h - 611 = 0, 1516 = 5*c + 6*h - 5*h. List the prime factors of c.
3, 101
Let a(x) = -x**3 - 7*x**2 - 7*x + 1. Let m be a(-6). Let y = 26 - m. What are the prime factors of y?
19
Suppose -8 = -4*h - 5*n + n, 2*h + 10 = 5*n. Suppose 2*v = 3*j - 28, h*j = 3*j - 4*v - 26. List the prime factors of j.
2, 5
Let i = -8 - -11. Suppose -i*x = -5 - 7. Suppose 0 = -x*p + p + 18. List the prime factors of p.
2, 3
Let q be (-7)/(-3) - (-3)/(-9). Suppose q*m = 5 + 1. Suppose 2*u + 5*p - 4 = 4*p, -3*u + m*p + 6 = 0. What are the prime factors of u?
2
Suppose 57 = 2*f - 67. List the prime factors of f.
2, 31
Let z = 44 - 24. Suppose 5*d - z = 2*j, 5*d - 22 = 4*j - 2. What are the prime factors of d?
2
Suppose -5*h = -5*o - 50, 2*h - 10 = 3*h + 3*o. What are the prime factors of 9*((-3)/1 + h)?
2, 3
Suppose b + 184 = 2*u, 2*u + 2*b - 92 = u. Suppose -3*n = y - 82 + 15, u = 4*n + 2*y. List the prime factors of n.
3, 7
Suppose 5*d = -2*g + 4*d + 626, -4*g + 1246 = 5*d. List the prime factors of g.
2, 157
Let d(b) = b**3 + 2*b + 164. List the prime factors of d(0).
2, 41
Let i be 2*4/(2 + 0). Suppose 0 = i*k + 3*q - 414, 2*k = k + 4*q + 113. Suppose 0*d + 5*d = k. What are the prime factors of d?
3, 7
Let k(h) = -2*h + 27. What are the prime factors of k(0)?
3
Suppose -5*t - 2*v - 1564 = -v, -1568 = 5*t + 2*v. List the prime factors of ((-2)/(-3))/((-16)/t).
13
Let q be 4/(-3)*(-18)/(-4). Let f = q + 13. List the prime factors of f.
7
Let o = 1 + -1. Suppose o*h + 60 = 5*h. What are the prime factors of h?
2, 3
Suppose 3*r + 5*q = -0*q + 55, r - 3*q + 5 = 0. What are the prime factors of r?
2, 5
Let t = 79 + 45. List the prime factors of t.
2, 31
Let u(m) = m**2 - 10*m + 19. Let i(c) = 2*c. Let o be i(4). What are the prime factors of u(o)?
3
Let u = -77 - -165. What are the prime factors of u?
2, 11
Let r = -6 + 11. Suppose 3*m - 41 = -5*p, -4*p = -r*m - 2*p + 27. What are the prime factors of m?
7
Suppose -5*i - 2*o = -3*o + 102, -4*i = 4*o + 96. Let a be 6/i - 2/(-7). Suppose a = -y + 4*y - 45. What are the prime factors of y?
3, 5
Suppose -30 = -8*c + 3*c. List the prime factors of (c/4 + -2)*-38.
19
Let o be 4/(-18) + 266/63. Suppose g - 59 = -3*w, 0*w = -3*w - 5*g + 55. Suppose 0 = o*a - w - 20. List the prime factors of a.
2, 5
Suppose 0*p - p = 5*g, 5*p + 21 = -4*g. Let d = p + 9. Suppose -d = -n - n. List the prime factors of n.
2
Suppose h + 0*h - 